j) = -j**2 + 3*j + 5. Let q be l(4). Let k = 16 + q. Let x be -4 + 1 + 2 + k. What is the highest common divisor of x and 2?
2
Let z = 69 + -46. Suppose r = 3*u - z, 0*u = u - 5*r + 11. What is the greatest common factor of 63 and u?
9
Let n be (-6 + -1)*-2*1. Let r be (6/7)/(1/n). Calculate the highest common factor of 2 and r.
2
Let b be 7 + 2 + (4 - 5). Calculate the greatest common factor of b and 32.
8
Let v(u) = -u**3 - 12*u**2 - 10*u + 14. Let o be v(-11). Calculate the highest common divisor of o and 2.
1
Let u(p) = -p**3 - 12*p**2 - 12*p + 5. Let t be u(-11). Calculate the highest common factor of 40 and t.
8
Let p be (-5)/20*-1*4. Let n = -5 + 8. Suppose -3*c = n*g - 0*c - 27, 0 = -3*g - 2*c + 26. What is the greatest common factor of p and g?
1
Let y(v) = -v**3 - 5*v**2 + 3*v - 5. Let g be y(-6). Suppose n + g = 109. Calculate the greatest common divisor of n and 12.
12
Suppose 3*x - 2*x - 6 = 0. What is the highest common divisor of 15 and x?
3
Let j(t) = -t**3 + 6*t**2 + 9*t + 8. Let k be j(7). Suppose -2*u - 6 = -28. What is the greatest common factor of u and k?
11
Suppose 31 = 2*d - 5*c, -d - 5*c = -4*d + 39. Let l(z) = 8*z**3 + 3*z**2 - 3*z + 2. Let m be l(2). Calculate the greatest common factor of d and m.
8
Let z be ((-10)/(-4))/(2/120). Let n be (2 + (-4)/3)*3. Suppose 5*a - h - 81 = h, -n*h - 51 = -3*a. Calculate the greatest common divisor of z and a.
15
Let q = -9 - -1. Let a be (-40)/q + 0/2. Let s = -20 + 30. What is the greatest common factor of a and s?
5
Let z(g) = -117*g**3 + g**2 + g. Let s be z(-1). Let l(a) = 26*a - 1. Let n be l(-2). Let c be n/(-4) - 3/12. Calculate the highest common factor of c and s.
13
Let u be ((-10)/2)/(4/8). Let n = 15 + u. Calculate the greatest common factor of 1 and n.
1
Let t be (12/14)/(63/294). Calculate the greatest common factor of 28 and t.
4
Let n be (-2)/(-2) - 1 - -5. Suppose -n*x - 162 = -u - 0*u, -x - 528 = -3*u. Let f = u - 126. Calculate the greatest common factor of 34 and f.
17
Let w be 2 + 0*2/(-6). Let m = 30 - w. What is the highest common factor of 4 and m?
4
Let g = -10 + 19. Let k(d) = 5*d**2 - 2*d - 25. Let i be k(5). Calculate the greatest common divisor of i and g.
9
Let j be 104/(-18) + (-4)/18. Let x = j - -9. What is the highest common divisor of 27 and x?
3
Let y(v) = -v**3 - 5*v**2 - 4*v + 7. Let k be y(-5). Suppose 4*a + k + 37 = -p, 3*p - 63 = 3*a. Let w = -8 - a. What is the highest common divisor of w and 3?
3
Let i be (-9)/18 - (-14)/(-4)*-19. Calculate the highest common divisor of 6 and i.
6
Let y = -5 + 4. Let r be ((2 - 3) + y)/(-1). Calculate the highest common factor of 10 and r.
2
Suppose -30 = -2*l + 2. Calculate the greatest common divisor of l and 4.
4
Let d = 0 - 4. Let l = 9 + d. What is the greatest common divisor of 20 and l?
5
Let t = -51 + 72. Calculate the highest common divisor of t and 21.
21
Let c be 0 + 20 + -2 + 0. Let s be (-15)/(-1) + 39/13. Calculate the highest common factor of c and s.
18
Let d be (6/(-8))/(4/16). Let a(v) = -v + 3. Let u be a(d). Let s = -3 - -9. What is the highest common divisor of u and s?
6
Let i = 104 - 56. Suppose 0 = 4*s - 4, 5*f - 2*s - 174 = f. Suppose 0*n + 5*n = -4*y + f, 2*n = -3*y + 19. Calculate the greatest common factor of i and n.
8
Suppose -h + 42 = -95. Suppose 2*z - h = -3*d, -145 = -2*z + 7*d - 2*d. Calculate the greatest common factor of 10 and z.
10
Suppose a + 43 = p - 3*a, -3*p + 3*a + 93 = 0. What is the greatest common factor of p and 27?
27
Let y be (-1246)/(-182) - 2/(-13). What is the highest common factor of y and 56?
7
Suppose s = -2 + 8. Let r = -2 + s. Calculate the highest common divisor of r and 20.
4
Let j be -4*(-4)/((-64)/(-12)). What is the highest common divisor of j and 1?
1
Suppose 5*z - 146 = -36. Let p = z - 10. Calculate the greatest common factor of 12 and p.
12
Let f = 23 - 10. Suppose 0 = 5*l - 0*l. Suppose l = -2*c - 2*c - 5*u + 280, 81 = c + 4*u. Calculate the greatest common factor of c and f.
13
Suppose -26 = -4*c - 3*s + 9, -2*s + 25 = 3*c. Let n = -2 + c. Calculate the greatest common divisor of n and 21.
3
Let v be (-200)/(-90) + (-2)/9. Suppose 0*n + 9 = v*n + 3*k, 0 = 3*n - k - 19. Calculate the highest common divisor of 12 and n.
6
Let c = -28 + 46. What is the highest common factor of c and 6?
6
Suppose 3*j = z - 411 + 126, 0 = -z + j + 287. Calculate the highest common divisor of 36 and z.
36
Let r(p) = 5*p + 2 + 2 - 2 + 2*p**2. Let l be r(-4). What is the highest common divisor of 126 and l?
14
Let v(p) be the third derivative of 7*p**5/12 + p**4/12 + p**3/6 + 5*p**2. Let x be v(-1). Calculate the greatest common factor of x and 51.
17
Let l = -3 + 1. Let m be (30/9 + l)*-6. Let x be 2*((-1 - m) + -1). Calculate the greatest common divisor of x and 12.
12
Let j(d) = d**2 - d - 8. Let y be j(-4). Calculate the greatest common divisor of y and 6.
6
Let m = 395 - 234. What is the greatest common divisor of m and 23?
23
Suppose 2 + 10 = 3*u. Let f be (u/(-6))/(4/(-18)). Suppose -f*o + 4*l = -40, -2*l - 62 = -o - 4*o. What is the greatest common factor of o and 24?
12
Let t(p) = 28*p - 25. Let v be t(10). What is the highest common divisor of v and 51?
51
Suppose 1 + 2 = c, -4*c + 17 = -5*p. Let y(f) = -5*f - 1. Let b be y(p). Calculate the greatest common divisor of b and 4.
4
Suppose 3*i = 81 - 6. Let l = 11 - 6. What is the greatest common factor of l and i?
5
Suppose 3*m = -468 - 129. Let o = -84 - m. Suppose -4*r = b - 55, -b + 2*r = -4*b + o. What is the greatest common divisor of 5 and b?
5
Suppose 4*p - 9 - 31 = 0. Calculate the greatest common divisor of 4 and p.
2
Suppose 5*k + 73 = 363. Calculate the greatest common factor of k and 522.
58
Let p(u) = u**2 - 5*u + 1. Let r be p(4). Let j = 5 + r. Suppose 0 = j*m - 3*m + 143. Calculate the greatest common factor of 13 and m.
13
Suppose 2*o - 31 = u, o = 2*u + 2 + 18. Suppose -3*b - 82 = -h, -4*h - 3*b + 179 = -89. What is the greatest common factor of h and o?
14
Suppose 6*b + 122 = 608. What is the greatest common divisor of b and 27?
27
Suppose 0*s - 3*j = s - 9, 2*s - j = 4. Suppose m + h - 15 = -2*h, s*h + 39 = 5*m. Calculate the highest common factor of m and 6.
3
Let s be 53/2 + (-10)/20. Let o be 2/((-160)/(-78) + -2). Let f = 104 - o. Calculate the greatest common factor of f and s.
13
Suppose l + 0*p + 25 = 5*p, 43 = -3*l - p. Let r = -10 - l. Let b(j) = j + 7. Let w be b(-5). What is the highest common factor of r and w?
1
Let j(g) = 17*g - 8. Let m be j(4). Suppose 4*w = -l + m, 17 = w + l + 2. What is the greatest common factor of w and 105?
15
Let p(g) = 3*g**2 - 10*g + 22. Let x be p(4). What is the highest common divisor of 50 and x?
10
Let v be 13 - -2 - (2 + -5). Let f be (-3)/v - (-50)/12. Let n(p) = 8*p**2 + 3*p - 2. Let z be n(2). What is the greatest common divisor of z and f?
4
Suppose -2*w - 3*r + 15 = 0, 3*r + r = -5*w + 48. Calculate the greatest common divisor of 12 and w.
12
Let i = -97 + 136. Calculate the greatest common factor of i and 26.
13
Suppose 4*w - 30 = -w. Let r = w + -2. What is the greatest common factor of r and 12?
4
Suppose -5*g = -c - 53, -3*g - 85 = 4*c + 104. Let m = -27 - c. What is the greatest common divisor of m and 7?
7
Let d(m) = -2*m + 7. Let p be d(-3). Suppose -a = -4*o + 172 - 63, 10 = -2*a. Calculate the greatest common divisor of p and o.
13
Let u = 3 - 2. Let p = u + 1. Let r be ((-8)/5)/(p/(-75)). What is the greatest common divisor of r and 15?
15
Suppose -3*h - 2*h + 375 = 0. Suppose h = -f + 6*f. Calculate the greatest common divisor of 60 and f.
15
Let m = 11 - 2. Let g = m - -4. Calculate the highest common divisor of 13 and g.
13
Let n be (-2 - -2)/(-2) - -1. Suppose -3 - n = -4*v. What is the greatest common factor of v and 10?
1
Suppose -5*b + 190 = -160. Let i(n) = 6*n - 182. Let u be i(35). Calculate the greatest common factor of u and b.
14
Let q(k) = 2*k**2 - 6*k - 1. Let c be q(-4). Let x = -27 - -38. What is the greatest common divisor of c and x?
11
Suppose -3*g = -0*g - 12. Let m be (-1)/g + 135/12. Calculate the highest common divisor of 1 and m.
1
Suppose 0 = -3*j - 4*s + 72, s + s = -4*j + 86. What is the greatest common divisor of 80 and j?
20
Suppose 119 - 39 = 5*i. Calculate the greatest common factor of